{"id":54,"date":"2025-03-18T09:30:26","date_gmt":"2025-03-18T08:30:26","guid":{"rendered":"https:\/\/ecolesaintemariegrandchamp.fr\/?page_id=54"},"modified":"2025-05-09T16:19:33","modified_gmt":"2025-05-09T14:19:33","slug":"le-projet-pastoral","status":"publish","type":"page","link":"https:\/\/ecolesaintemariegrandchamp.fr\/index.php\/le-projet-pastoral\/","title":{"rendered":"Le projet pastoral"},"content":{"rendered":"\n<p class=\"has-x-large-font-size\"><strong>Le projet pastoral<\/strong><\/p>\n\n\n\n<p>\u00a0\u00a0\u00a0\u00a0\u00a0<\/p>\n\n\n<div class=\"wp-block-image\">\n<figure class=\"aligncenter\"><a href=\"https:\/\/ekladata.com\/QaJpPTTaoBvNNZQwM7dNvLnz5Z0.jpg\"><img decoding=\"async\" src=\"https:\/\/ekladata.com\/QaJpPTTaoBvNNZQwM7dNvLnz5Z0@500x167.jpg\" alt=\"La pastorale\"\/><\/a><\/figure>\n<\/div>\n\n\n<p>\u00a0\u00a0\u00a0\u00a0\u00a0\u00a0\u00a0\u00a0\u00a0\u00a0\u00a0\u00a0\u00a0 T<\/p>\n\n\n\n<p> Tout enfant inscrit \u00e0 l\u2019\u00e9cole Sainte Marie b\u00e9n\u00e9ficie d\u2019un enseignement cat\u00e9ch\u00e9tique. Pour les plus jeunes (cycle I et CP), il s\u2019agit d\u2019un \u00e9veil \u00e0 la foi et pour les plus grands (du CE1au CM2) d\u2019une heure de cat\u00e9ch\u00e8se.<\/p>\n\n\n\n<p>Les \u00e9l\u00e8ves de CP et CE1 utilisent des supports adapt\u00e9s \u00e0 leur \u00e2ge. Les enfants de cycle 3 utilisent quant \u00e0 eux diff\u00e9rents supports.<\/p>\n\n\n\n<p>L\u2019\u00e9veil \u00e0 la foi et la cat\u00e9ch\u00e8se sont assur\u00e9s par les enseignants qui sont donc engag\u00e9s au-del\u00e0 des \u00ab\u00a0mati\u00e8res dites scolaires\u00a0\u00bb.<\/p>\n\n\n\n<p>Chaque enfant peut selon son parcours familial&nbsp;:<\/p>\n\n\n\n<p>&#8211; \u00eatre baptis\u00e9<\/p>\n\n\n\n<p>&#8211; faire sa premi\u00e8re communion durant sa scolarit\u00e9 \u00e0 l\u2019\u00e9cole (g\u00e9n\u00e9ralement en CE2).<\/p>\n\n\n\n<p><strong>La Pastorale fait partie de la vie de l\u2019\u00e9tablissement par<\/strong>&nbsp;:<\/p>\n\n\n\n<p>&nbsp;&#8211; l\u2019enseignement de la religion<\/p>\n\n\n\n<p>&nbsp;&#8211; les signes et temps forts de l\u2019ann\u00e9e liturgique<\/p>\n\n\n\n<p>&nbsp;&#8211; les temps de pri\u00e8re \u00e0 l&rsquo;\u00e9glise (Messe, c\u00e9l\u00e9brations etc \u2026)<\/p>\n\n\n\n<p>&nbsp;&#8211; les t\u00e9moignages de Foi divers que les enfants peuvent recevoir.<\/p>\n\n\n\n<p><strong>Messes des familles<\/strong><\/p>\n\n\n\n<p>R\u00e9guli\u00e8rement les familles sont invit\u00e9es, si elles le souhaitent, \u00e0 participer aux messes des familles. <\/p>\n","protected":false},"excerpt":{"rendered":"<p>Le projet pastoral \u00a0\u00a0\u00a0\u00a0\u00a0 \u00a0\u00a0\u00a0\u00a0\u00a0\u00a0\u00a0\u00a0\u00a0\u00a0\u00a0\u00a0\u00a0 T Tout enfant inscrit \u00e0 l\u2019\u00e9cole Sainte Marie b\u00e9n\u00e9ficie d\u2019un enseignement cat\u00e9ch\u00e9tique. Pour les plus jeunes (cycle I et CP), il s\u2019agit d\u2019un \u00e9veil \u00e0 la foi et pour les plus grands (du CE1au CM2) d\u2019une heure de cat\u00e9ch\u00e8se. Les \u00e9l\u00e8ves de CP et CE1 utilisent des supports adapt\u00e9s \u00e0&hellip;&nbsp;<a href=\"https:\/\/ecolesaintemariegrandchamp.fr\/index.php\/le-projet-pastoral\/\" rel=\"bookmark\">Lire la suite &raquo;<span class=\"screen-reader-text\">Le projet pastoral<\/span><\/a><\/p>\n","protected":false},"author":1,"featured_media":0,"parent":0,"menu_order":0,"comment_status":"closed","ping_status":"closed","template":"","meta":{"neve_meta_sidebar":"","neve_meta_container":"","neve_meta_enable_content_width":"","neve_meta_content_width":0,"neve_meta_title_alignment":"","neve_meta_author_avatar":"","neve_post_elements_order":"","neve_meta_disable_header":"","neve_meta_disable_footer":"","neve_meta_disable_title":"","footnotes":""},"class_list":["post-54","page","type-page","status-publish","hentry"],"yoast_head":"<!-- This site is optimized with the Yoast SEO plugin v27.4 - https:\/\/yoast.com\/product\/yoast-seo-wordpress\/ -->\n<title>Le projet pastoral - Ecole Sainte Marie Grand-Champ<\/title>\n<meta name=\"robots\" content=\"index, follow, max-snippet:-1, max-image-preview:large, max-video-preview:-1\" \/>\n<link rel=\"canonical\" href=\"https:\/\/ecolesaintemariegrandchamp.fr\/index.php\/le-projet-pastoral\/\" \/>\n<meta property=\"og:locale\" content=\"fr_FR\" \/>\n<meta property=\"og:type\" content=\"article\" \/>\n<meta property=\"og:title\" content=\"Le projet pastoral - Ecole Sainte Marie Grand-Champ\" \/>\n<meta property=\"og:description\" content=\"Le projet pastoral \u00a0\u00a0\u00a0\u00a0\u00a0 \u00a0\u00a0\u00a0\u00a0\u00a0\u00a0\u00a0\u00a0\u00a0\u00a0\u00a0\u00a0\u00a0 T Tout enfant inscrit \u00e0 l\u2019\u00e9cole Sainte Marie b\u00e9n\u00e9ficie d\u2019un enseignement cat\u00e9ch\u00e9tique. Pour les plus jeunes (cycle I et CP), il s\u2019agit d\u2019un \u00e9veil \u00e0 la foi et pour les plus grands (du CE1au CM2) d\u2019une heure de cat\u00e9ch\u00e8se. Les \u00e9l\u00e8ves de CP et CE1 utilisent des supports adapt\u00e9s \u00e0&hellip;&nbsp;Lire la suite &raquo;Le projet pastoral\" \/>\n<meta property=\"og:url\" content=\"https:\/\/ecolesaintemariegrandchamp.fr\/index.php\/le-projet-pastoral\/\" \/>\n<meta property=\"og:site_name\" content=\"Ecole Sainte Marie Grand-Champ\" \/>\n<meta property=\"article:modified_time\" content=\"2025-05-09T14:19:33+00:00\" \/>\n<meta property=\"og:image\" content=\"https:\/\/ekladata.com\/QaJpPTTaoBvNNZQwM7dNvLnz5Z0@500x167.jpg\" \/>\n<meta name=\"twitter:card\" content=\"summary_large_image\" \/>\n<meta name=\"twitter:label1\" content=\"Dur\u00e9e de lecture estim\u00e9e\" \/>\n\t<meta name=\"twitter:data1\" content=\"2 minutes\" \/>\n<script type=\"application\/ld+json\" class=\"yoast-schema-graph\">{\"@context\":\"https:\\\/\\\/schema.org\",\"@graph\":[{\"@type\":\"WebPage\",\"@id\":\"https:\\\/\\\/ecolesaintemariegrandchamp.fr\\\/index.php\\\/le-projet-pastoral\\\/\",\"url\":\"https:\\\/\\\/ecolesaintemariegrandchamp.fr\\\/index.php\\\/le-projet-pastoral\\\/\",\"name\":\"Le projet pastoral - Ecole Sainte Marie Grand-Champ\",\"isPartOf\":{\"@id\":\"https:\\\/\\\/ecolesaintemariegrandchamp.fr\\\/#website\"},\"primaryImageOfPage\":{\"@id\":\"https:\\\/\\\/ecolesaintemariegrandchamp.fr\\\/index.php\\\/le-projet-pastoral\\\/#primaryimage\"},\"image\":{\"@id\":\"https:\\\/\\\/ecolesaintemariegrandchamp.fr\\\/index.php\\\/le-projet-pastoral\\\/#primaryimage\"},\"thumbnailUrl\":\"https:\\\/\\\/ekladata.com\\\/QaJpPTTaoBvNNZQwM7dNvLnz5Z0@500x167.jpg\",\"datePublished\":\"2025-03-18T08:30:26+00:00\",\"dateModified\":\"2025-05-09T14:19:33+00:00\",\"breadcrumb\":{\"@id\":\"https:\\\/\\\/ecolesaintemariegrandchamp.fr\\\/index.php\\\/le-projet-pastoral\\\/#breadcrumb\"},\"inLanguage\":\"fr-FR\",\"potentialAction\":[{\"@type\":\"ReadAction\",\"target\":[\"https:\\\/\\\/ecolesaintemariegrandchamp.fr\\\/index.php\\\/le-projet-pastoral\\\/\"]}]},{\"@type\":\"ImageObject\",\"inLanguage\":\"fr-FR\",\"@id\":\"https:\\\/\\\/ecolesaintemariegrandchamp.fr\\\/index.php\\\/le-projet-pastoral\\\/#primaryimage\",\"url\":\"https:\\\/\\\/ekladata.com\\\/QaJpPTTaoBvNNZQwM7dNvLnz5Z0@500x167.jpg\",\"contentUrl\":\"https:\\\/\\\/ekladata.com\\\/QaJpPTTaoBvNNZQwM7dNvLnz5Z0@500x167.jpg\"},{\"@type\":\"BreadcrumbList\",\"@id\":\"https:\\\/\\\/ecolesaintemariegrandchamp.fr\\\/index.php\\\/le-projet-pastoral\\\/#breadcrumb\",\"itemListElement\":[{\"@type\":\"ListItem\",\"position\":1,\"name\":\"Accueil\",\"item\":\"https:\\\/\\\/ecolesaintemariegrandchamp.fr\\\/\"},{\"@type\":\"ListItem\",\"position\":2,\"name\":\"Le projet pastoral\"}]},{\"@type\":\"WebSite\",\"@id\":\"https:\\\/\\\/ecolesaintemariegrandchamp.fr\\\/#website\",\"url\":\"https:\\\/\\\/ecolesaintemariegrandchamp.fr\\\/\",\"name\":\"Ecole Sainte Marie Grand-Champ\",\"description\":\"Un site utilisant WordPress\",\"publisher\":{\"@id\":\"https:\\\/\\\/ecolesaintemariegrandchamp.fr\\\/#organization\"},\"potentialAction\":[{\"@type\":\"SearchAction\",\"target\":{\"@type\":\"EntryPoint\",\"urlTemplate\":\"https:\\\/\\\/ecolesaintemariegrandchamp.fr\\\/?s={search_term_string}\"},\"query-input\":{\"@type\":\"PropertyValueSpecification\",\"valueRequired\":true,\"valueName\":\"search_term_string\"}}],\"inLanguage\":\"fr-FR\"},{\"@type\":\"Organization\",\"@id\":\"https:\\\/\\\/ecolesaintemariegrandchamp.fr\\\/#organization\",\"name\":\"Ecole Sainte Marie Grand-Champ\",\"url\":\"https:\\\/\\\/ecolesaintemariegrandchamp.fr\\\/\",\"logo\":{\"@type\":\"ImageObject\",\"inLanguage\":\"fr-FR\",\"@id\":\"https:\\\/\\\/ecolesaintemariegrandchamp.fr\\\/#\\\/schema\\\/logo\\\/image\\\/\",\"url\":\"https:\\\/\\\/ecolesaintemariegrandchamp.fr\\\/wp-content\\\/uploads\\\/2025\\\/03\\\/logo-agency.png\",\"contentUrl\":\"https:\\\/\\\/ecolesaintemariegrandchamp.fr\\\/wp-content\\\/uploads\\\/2025\\\/03\\\/logo-agency.png\",\"width\":200,\"height\":200,\"caption\":\"Ecole Sainte Marie Grand-Champ\"},\"image\":{\"@id\":\"https:\\\/\\\/ecolesaintemariegrandchamp.fr\\\/#\\\/schema\\\/logo\\\/image\\\/\"}}]}<\/script>\n<!-- \/ Yoast SEO plugin. -->","yoast_head_json":{"title":"Le projet pastoral - Ecole Sainte Marie Grand-Champ","robots":{"index":"index","follow":"follow","max-snippet":"max-snippet:-1","max-image-preview":"max-image-preview:large","max-video-preview":"max-video-preview:-1"},"canonical":"https:\/\/ecolesaintemariegrandchamp.fr\/index.php\/le-projet-pastoral\/","og_locale":"fr_FR","og_type":"article","og_title":"Le projet pastoral - Ecole Sainte Marie Grand-Champ","og_description":"Le projet pastoral \u00a0\u00a0\u00a0\u00a0\u00a0 \u00a0\u00a0\u00a0\u00a0\u00a0\u00a0\u00a0\u00a0\u00a0\u00a0\u00a0\u00a0\u00a0 T Tout enfant inscrit \u00e0 l\u2019\u00e9cole Sainte Marie b\u00e9n\u00e9ficie d\u2019un enseignement cat\u00e9ch\u00e9tique. Pour les plus jeunes (cycle I et CP), il s\u2019agit d\u2019un \u00e9veil \u00e0 la foi et pour les plus grands (du CE1au CM2) d\u2019une heure de cat\u00e9ch\u00e8se. Les \u00e9l\u00e8ves de CP et CE1 utilisent des supports adapt\u00e9s \u00e0&hellip;&nbsp;Lire la suite &raquo;Le projet pastoral","og_url":"https:\/\/ecolesaintemariegrandchamp.fr\/index.php\/le-projet-pastoral\/","og_site_name":"Ecole Sainte Marie Grand-Champ","article_modified_time":"2025-05-09T14:19:33+00:00","og_image":[{"url":"https:\/\/ekladata.com\/QaJpPTTaoBvNNZQwM7dNvLnz5Z0@500x167.jpg","type":"","width":"","height":""}],"twitter_card":"summary_large_image","twitter_misc":{"Dur\u00e9e de lecture estim\u00e9e":"2 minutes"},"schema":{"@context":"https:\/\/schema.org","@graph":[{"@type":"WebPage","@id":"https:\/\/ecolesaintemariegrandchamp.fr\/index.php\/le-projet-pastoral\/","url":"https:\/\/ecolesaintemariegrandchamp.fr\/index.php\/le-projet-pastoral\/","name":"Le projet pastoral - Ecole Sainte Marie Grand-Champ","isPartOf":{"@id":"https:\/\/ecolesaintemariegrandchamp.fr\/#website"},"primaryImageOfPage":{"@id":"https:\/\/ecolesaintemariegrandchamp.fr\/index.php\/le-projet-pastoral\/#primaryimage"},"image":{"@id":"https:\/\/ecolesaintemariegrandchamp.fr\/index.php\/le-projet-pastoral\/#primaryimage"},"thumbnailUrl":"https:\/\/ekladata.com\/QaJpPTTaoBvNNZQwM7dNvLnz5Z0@500x167.jpg","datePublished":"2025-03-18T08:30:26+00:00","dateModified":"2025-05-09T14:19:33+00:00","breadcrumb":{"@id":"https:\/\/ecolesaintemariegrandchamp.fr\/index.php\/le-projet-pastoral\/#breadcrumb"},"inLanguage":"fr-FR","potentialAction":[{"@type":"ReadAction","target":["https:\/\/ecolesaintemariegrandchamp.fr\/index.php\/le-projet-pastoral\/"]}]},{"@type":"ImageObject","inLanguage":"fr-FR","@id":"https:\/\/ecolesaintemariegrandchamp.fr\/index.php\/le-projet-pastoral\/#primaryimage","url":"https:\/\/ekladata.com\/QaJpPTTaoBvNNZQwM7dNvLnz5Z0@500x167.jpg","contentUrl":"https:\/\/ekladata.com\/QaJpPTTaoBvNNZQwM7dNvLnz5Z0@500x167.jpg"},{"@type":"BreadcrumbList","@id":"https:\/\/ecolesaintemariegrandchamp.fr\/index.php\/le-projet-pastoral\/#breadcrumb","itemListElement":[{"@type":"ListItem","position":1,"name":"Accueil","item":"https:\/\/ecolesaintemariegrandchamp.fr\/"},{"@type":"ListItem","position":2,"name":"Le projet pastoral"}]},{"@type":"WebSite","@id":"https:\/\/ecolesaintemariegrandchamp.fr\/#website","url":"https:\/\/ecolesaintemariegrandchamp.fr\/","name":"Ecole Sainte Marie Grand-Champ","description":"Un site utilisant WordPress","publisher":{"@id":"https:\/\/ecolesaintemariegrandchamp.fr\/#organization"},"potentialAction":[{"@type":"SearchAction","target":{"@type":"EntryPoint","urlTemplate":"https:\/\/ecolesaintemariegrandchamp.fr\/?s={search_term_string}"},"query-input":{"@type":"PropertyValueSpecification","valueRequired":true,"valueName":"search_term_string"}}],"inLanguage":"fr-FR"},{"@type":"Organization","@id":"https:\/\/ecolesaintemariegrandchamp.fr\/#organization","name":"Ecole Sainte Marie Grand-Champ","url":"https:\/\/ecolesaintemariegrandchamp.fr\/","logo":{"@type":"ImageObject","inLanguage":"fr-FR","@id":"https:\/\/ecolesaintemariegrandchamp.fr\/#\/schema\/logo\/image\/","url":"https:\/\/ecolesaintemariegrandchamp.fr\/wp-content\/uploads\/2025\/03\/logo-agency.png","contentUrl":"https:\/\/ecolesaintemariegrandchamp.fr\/wp-content\/uploads\/2025\/03\/logo-agency.png","width":200,"height":200,"caption":"Ecole Sainte Marie Grand-Champ"},"image":{"@id":"https:\/\/ecolesaintemariegrandchamp.fr\/#\/schema\/logo\/image\/"}}]}},"_links":{"self":[{"href":"https:\/\/ecolesaintemariegrandchamp.fr\/index.php\/wp-json\/wp\/v2\/pages\/54","targetHints":{"allow":["GET"]}}],"collection":[{"href":"https:\/\/ecolesaintemariegrandchamp.fr\/index.php\/wp-json\/wp\/v2\/pages"}],"about":[{"href":"https:\/\/ecolesaintemariegrandchamp.fr\/index.php\/wp-json\/wp\/v2\/types\/page"}],"author":[{"embeddable":true,"href":"https:\/\/ecolesaintemariegrandchamp.fr\/index.php\/wp-json\/wp\/v2\/users\/1"}],"replies":[{"embeddable":true,"href":"https:\/\/ecolesaintemariegrandchamp.fr\/index.php\/wp-json\/wp\/v2\/comments?post=54"}],"version-history":[{"count":4,"href":"https:\/\/ecolesaintemariegrandchamp.fr\/index.php\/wp-json\/wp\/v2\/pages\/54\/revisions"}],"predecessor-version":[{"id":418,"href":"https:\/\/ecolesaintemariegrandchamp.fr\/index.php\/wp-json\/wp\/v2\/pages\/54\/revisions\/418"}],"wp:attachment":[{"href":"https:\/\/ecolesaintemariegrandchamp.fr\/index.php\/wp-json\/wp\/v2\/media?parent=54"}],"curies":[{"name":"wp","href":"https:\/\/api.w.org\/{rel}","templated":true}]}}